What are the prime factors of 2*(-1)/(-5) + (-1103)/(-5)?
13, 17
Suppose 14 = 2*z - 4. Let f = 6 - z. List the prime factors of (2 + -3)/(f/21).
7
Let y(f) = f + 2. Let d be y(0). Let x(t) = 4*t**3 - t**2 + 1. Let g be x(d). Suppose -5*b = -10, -b + 2*b = -3*h + g. List the prime factors of h.
3
Let d(u) = -3*u**2. Let y be d(1). Let o = -3 - y. Suppose o = -4*m + x + 31, -4*x = m - 3*m + 12. List the prime factors of m.
2
Let w = -7 - -12. Suppose l = -3*s - 2*s - 2, 2*l + w*s = 1. Suppose -l*x = -2*x - 3. What are the prime factors of x?
3
Let t(s) = -6*s**3 - 11*s**2 + 3*s + 10. Let i(u) = -5*u**3 - 10*u**2 + 3*u + 9. Let k(z) = 7*i(z) - 6*t(z). List the prime factors of k(3).
3
Suppose -i - 3 = -8. Let r = 8 - 3. Let t = r + i. What are the prime factors of t?
2, 5
Let d(w) = -13*w + 1. Let r be d(-1). List the prime factors of r/6*1*3.
7
Let f(o) = o + 15. Let a be f(-13). Let z be ((-35)/20)/(2/(-16)). Suppose 3*i = a*i + z. List the prime factors of i.
2, 7
Let c = 0 - -2. Suppose -6*z + 52 = -c*z. List the prime factors of z.
13
Suppose -6*q - 168 = -2*q. Suppose -2*c - 100 = 2*c. Let a = c - q. List the prime factors of a.
17
Let y = 6 - 2. Suppose 0 = t + m - 3*m - 10, m - 13 = -y*t. Suppose -t - 33 = -i - 5*b, i - 33 = -4*b. List the prime factors of i.
17
Let i(h) be the first derivative of h**4/4 - 3*h**3 + 9*h**2/2 + 2*h + 2. Let f(z) = 3*z - 1. Let c be f(3). What are the prime factors of i(c)?
2, 5
Suppose 4*f - 5*s = 28, 0 - 7 = -f + 5*s. Let j = f + -4. Suppose 0 = 3*d - j*r, 9 = d + 3*r - 7. What are the prime factors of d?
2
Suppose 86 + 419 = -5*o. Let n = -156 - o. List the prime factors of (-2)/(-8) + n/(-20).
3
Suppose i - q - 51 = -2*i, 0 = -5*i + 3*q + 81. Suppose 5*b - i = 2. Suppose -b*m + 30 = -m. What are the prime factors of m?
2, 5
Let q(z) = z**3 + 5*z**2. What are the prime factors of q(-4)?
2
Let d = 52 + 17. List the prime factors of d.
3, 23
Suppose -10 = 3*t - 493. What are the prime factors of t?
7, 23
Let i be (-2)/(-8) + (-30)/(-8). Suppose i*p - 8 = -0*p. Suppose -p*v + 26 = -0*d - 5*d, 4*v - 3*d = 52. What are the prime factors of v?
13
Let i(c) = -9*c - 2. Let n(k) = -3*k - 1. Let g(z) = 2*i(z) - 7*n(z). Let q be g(5). What are the prime factors of -2 + q + -1 + 1?
2
Let r = -23 - -46. List the prime factors of r.
23
Let w be (-15)/4 + (-2)/8. Suppose 2*m + 0*m - 30 = 0. Let b = m + w. What are the prime factors of b?
11
Let v be (-3 - (1 + -15))*2. Suppose o + v = 3*o. List the prime factors of o.
11
Suppose 3*n + 2*i = 11, 5*n + 4*i - 22 + 3 = 0. Let c(o) = 2*o - n + 2*o**2 + o**2 - o**2. What are the prime factors of c(-3)?
3
Let q(i) = 3*i + 6. What are the prime factors of q(6)?
2, 3
Suppose 0*m + 70 = 5*m. List the prime factors of m.
2, 7
Let q(t) = t**2 - 1. What are the prime factors of q(-3)?
2
Suppose 0 = 2*m - 44 + 16. Suppose d = i - 8 - 3, m = 4*i + 2*d. What are the prime factors of i?
2, 3
Let y be (8/(-6))/((-1)/18). Suppose g + 13 = -m - 2*m, y = -4*m - 3*g. List the prime factors of 4 + m + 0 + 11.
2, 3
Let z(l) = 11*l. Let u(r) = -r - 4. Let h be u(-3). Let t be z(h). Let x = -6 - t. List the prime factors of x.
5
Let i be 24/(-9)*(-6)/4. Suppose 2*z = -5*q - 2*z + 158, 2*z = i. What are the prime factors of q?
2, 3, 5
Let i be (2 - 1) + (1 - 10). Let f be (-68)/(-16) - (-2)/i. Suppose -f*p + 0*p = -20. What are the prime factors of p?
5
What are the prime factors of -3 + (-7)/(21/(-498))?
163
Suppose -5*i = -143 - 17. Let u = -19 + i. What are the prime factors of u?
13
Suppose 5 = g - 8. Suppose 0 = c - g - 16. What are the prime factors of c?
29
Let i = 3 - -64. List the prime factors of i.
67
Suppose 78 + 86 = 2*m. What are the prime factors of m?
2, 41
Let w(n) = -3*n**3 - n**2. Let q be w(-1). What are the prime factors of ((-2)/q)/(-1) + 1?
2
Suppose 3*b - 11 = j, -j + 5*j - 2*b = -44. Let r = -7 - j. What are the prime factors of r?
2
Let a(j) = -j**3 + 18*j**2 - 6*j - 28. What are the prime factors of a(17)?
3, 53
Suppose -d + 18 = 5*g, -106 = -2*d - 2*d - 3*g. What are the prime factors of d?
2, 7
Suppose 6 = y + 3. Suppose 126 - 12 = y*z. What are the prime factors of z?
2, 19
Let p = -47 - -89. What are the prime factors of p?
2, 3, 7
Suppose 0 = -o + 3*o + 4. Let w = 15 + o. List the prime factors of w.
13
Suppose -5*w + 56 = 11. What are the prime factors of (6/w)/(2/117)?
3, 13
Let p(x) = x**3 + 11*x**2 + 9*x - 6. What are the prime factors of p(-10)?
2
Let b = 5 - 3. Suppose g + l = 3, 5*l + 21 = -b*g + 6*g. Suppose p + z = 10, 0 = 2*p - p + g*z - 19. List the prime factors of p.
7
Suppose 0*v + 4*o = -2*v + 38, -5*v = -5*o - 20. Let s = v + -4. Suppose 4*d + 5 = 5*p, 5*d - 15 = 3*p - s. List the prime factors of d.
5
Let h be (-4*1)/8*-50. Let u = 42 - h. List the prime factors of u.
17
Let p be (3/(-4))/(2/8). Let f = -55 + 54. List the prime factors of 20 - f - (-6)/p.
19
Let k(q) = 8*q - 13. Let x(g) = -1. Let w(o) = k(o) - 4*x(o). List the prime factors of w(6).
3, 13
Let u(m) be the first derivative of -m**4/4 - 3*m**3 + 5*m**2 + 10*m + 1. What are the prime factors of u(-10)?
2, 5
Suppose 0*m = m - 74. List the prime factors of m.
2, 37
Let y(a) = -a - 7. Let v be y(-9). Suppose 4*c + 4 = 4*d, -d - 3*d - v*c = 26. Let m = -1 - d. What are the prime factors of m?
3
Let p(d) = -d + 10. Let c be p(8). Suppose 0 = -c*b - 5*x + 92, 2*x - 5*x - 60 = -2*b. Suppose 2*a + 2*a = b. What are the prime factors of a?
3
Let q = -264 + 488. What are the prime factors of q?
2, 7
Let d be 20/(-5)*2/2. Suppose 4*z - 59 = 5. Let b = d + z. What are the prime factors of b?
2, 3
Let r be (-31)/(-4) + (-5)/(-20). What are the prime factors of (r/24)/((-2)/(-48))?
2
Suppose 5*k - 21 = -y, 2*k - 3 = -0*k + 5*y. Suppose -k*t = 4*n - 60, 2*n - t + 7 - 25 = 0. List the prime factors of n.
11
Let o be 10/15 - 10/(-3). Suppose -7 = -o*z + 25. Suppose z*r - 4*r = 84. What are the prime factors of r?
3, 7
Let i = 174 + -20. What are the prime factors of i?
2, 7, 11
Let i(v) = -v - 6*v - v - 3. What are the prime factors of i(-2)?
13
Suppose -5*i - 10 = -f, -5*i = 5*f + 9 - 179. List the prime factors of f.
2, 3, 5
Let i be -3 + 1 - (-24)/(-6). Let l(o) = o**3 + 7*o**2 - 4*o. Let n be l(i). Suppose 0 = y + 2*y - n. List the prime factors of y.
2, 5
Let h(b) = b - 10. Suppose 0 = -2*z + 3*o + 8, -z + 6*o - 2*o = 1. Let l be h(z). List the prime factors of l/((-3 - -2)/1).
3
List the prime factors of 1/(0 + 2/14).
7
Suppose 3*s - 8*s - 17 = 3*w, 2*s = w + 2. Let p = 2 + w. List the prime factors of (-1 - -2)*1 - p.
3
Let h be 4 + -2 - (1 - 3). Suppose -3*p - 14 = 5*c - p, -h*c - 18 = 5*p. List the prime factors of c*(-6)/((-6)/(-2)).
2
Suppose 2*j + 4*v = -17 + 129, 0 = 2*j - 4*v - 128. What are the prime factors of j?
2, 3, 5
Let p = -1 + 4. Suppose 5*t + 20 = 0, -p*t = -5*d + 20 + 47. What are the prime factors of d?
11
Suppose -3 = -g, g + g = -4*p + 10. Let w be -1*p/((-2)/6). Let x = w + -1. What are the prime factors of x?
2
Let l be 1690/35 - 4/14. Suppose -2*m = m - l. List the prime factors of 1/(-4) + 100/m.
2, 3
Let l = 433 - 197. List the prime factors of l.
2, 59
Let a(k) = 12*k - 45. What are the prime factors of a(6)?
3
Let r(c) = -104*c**3 - 2*c**2 + 1. What are the prime factors of r(-1)?
103
Let n be ((-6)/(-2))/(-8 + 9). Let r(q) = -2*q - 5 + n*q + 18. What are the prime factors of r(-6)?
7
Suppose 4*y - 2*l - 18 = 0, -2*l = -2*y - 0 + 12. List the prime factors of -2*(78/(-4))/y.
13
Suppose 2*z - 7*z = -10. What are the prime factors of (-3 + (2 - -8))*z?
2, 7
Let p(h) = h**3 + 6*h**2 + 4*h + 3. Let i be p(-5). Suppose -4*d + 44 = -i. List the prime factors of d.
13
Let n(j) = -j. Let f be n(-4). Let l(h) = h**3 - h**2 + 4 - h**2 - f*h + 1. List the prime factors of l(4).
3, 7
Let l(m) = m. Let h be l(2). Let r = h - 0. Suppose u + 25 = 2*o, o - u - 8 = -r*u. What are the prime factors of o?
11
Suppose 4*q = 2*z + 410, -159 - 141 = -3*q + 3*z. List the prime factors of q.
3, 5, 7
Let k be -1 - (0 + -3)/3. Let m = k - -3. List the prime factors of m.
3
Suppose -6*d + d - 5*r = -485, 0 = 2*d - 2*r - 178. What are the prime factors of d?
3, 31
Suppose -c - 16 = -3*c + 2*t, 0 = 4*t + 4. Let i = c + 2. What are the prime factors of i?
3
Suppose 11 = -3*c + 23. Suppose -5*